{"id":37,"date":"2017-12-07T22:37:33","date_gmt":"2017-12-08T00:37:33","guid":{"rendered":"http:\/\/gnugraf.org\/2018\/?page_id=37"},"modified":"2018-01-28T13:02:45","modified_gmt":"2018-01-28T15:02:45","slug":"o-evento","status":"publish","type":"page","link":"http:\/\/gnugraf.org\/2018\/o-evento\/","title":{"rendered":"O Evento"},"content":{"rendered":"<p>Para quem ainda n\u00e3o conhece o <strong>GNUGRAF<\/strong>, \u00e9 o <strong>primeiro evento de computa\u00e7\u00e3o gr\u00e1fica com software livre do Brasil<\/strong>. O evento \u00e9 totalmente direcionado para profissionais da \u00e1rea de <strong>\u00c1udio, Anima\u00e7\u00e3o, V\u00eddeo, Produ\u00e7\u00e3o Gr\u00e1fica e Design de Jogos<\/strong>.<\/p>\n<p>&nbsp;<\/p>\n<p>Uma das filosofias do <strong>GNUGRAF<\/strong> \u00e9 dar a oportunidade aos<strong> profissionais dessas \u00e1reas<\/strong>, demostrarem seus trabalhos, interagir com o p\u00fablico e trocar experi\u00eancias com outros profissionais.<\/p>\n<p>&nbsp;<\/p>\n<p>A estrutura do evento conta com <strong>16 palestras e 12 minicursos ministrados em 2 dias tudo de gra\u00e7a para o p\u00fablico<\/strong>.<\/p>\n<p>&nbsp;<\/p>\n<p><strong>Miss\u00e3o:<\/strong><\/p>\n<p>&nbsp;<\/p>\n<ul>\n<li>Mostrar ao mercado que \u00e9 <strong>poss\u00edvel produzir conte\u00fado multim\u00eddia de qualidade utilizando somente software livre em todo o processo<\/strong>.<\/li>\n<\/ul>\n<p>&nbsp;<\/p>\n<ul>\n<li>Fazer com que <strong>cada vez mais pessoas possam ter acesso a este tipo de conhecimento<\/strong> sem que com isto precisem investir quantidades exorbitantes em softwares ou ca\u00edrem na ilegalidade.<\/li>\n<\/ul>\n<p>&nbsp;<\/p>\n<ul>\n<li>Estreitar la\u00e7os entre <strong>profissionais da \u00e1rea, p\u00fablico e empresas<\/strong> para que o desenvolvimento desses softwares cres\u00e7a exponencialmente.<\/li>\n<\/ul>\n<p>&nbsp;<\/p>\n<p><strong>Frutos j\u00e1 colhidos do evento:<\/strong><\/p>\n<p>&nbsp;<\/p>\n<p>Com muito orgulho que divulgamos <strong>3 projetos<\/strong> que j\u00e1 nasceram no evento.<\/p>\n<p><img data-recalc-dims=\"1\" loading=\"lazy\" decoding=\"async\" data-attachment-id=\"117\" data-permalink=\"http:\/\/gnugraf.org\/2018\/o-evento\/logotipo2\/\" data-orig-file=\"https:\/\/i0.wp.com\/gnugraf.org\/2018\/wp-content\/uploads\/2018\/01\/logotipo2.png?fit=790%2C790\" data-orig-size=\"790,790\" data-comments-opened=\"1\" data-image-meta=\"{&quot;aperture&quot;:&quot;0&quot;,&quot;credit&quot;:&quot;&quot;,&quot;camera&quot;:&quot;&quot;,&quot;caption&quot;:&quot;&quot;,&quot;created_timestamp&quot;:&quot;0&quot;,&quot;copyright&quot;:&quot;&quot;,&quot;focal_length&quot;:&quot;0&quot;,&quot;iso&quot;:&quot;0&quot;,&quot;shutter_speed&quot;:&quot;0&quot;,&quot;title&quot;:&quot;&quot;,&quot;orientation&quot;:&quot;0&quot;}\" data-image-title=\"logotipo2\" data-image-description=\"\" data-image-caption=\"\" data-large-file=\"https:\/\/i0.wp.com\/gnugraf.org\/2018\/wp-content\/uploads\/2018\/01\/logotipo2.png?fit=590%2C590\" class=\"alignnone size-medium wp-image-117\" src=\"https:\/\/i0.wp.com\/gnugraf.org\/2018\/wp-content\/uploads\/2018\/01\/logotipo2.png?resize=240%2C240\" alt=\"\" width=\"240\" height=\"240\" srcset=\"https:\/\/i0.wp.com\/gnugraf.org\/2018\/wp-content\/uploads\/2018\/01\/logotipo2.png?resize=300%2C300 300w, https:\/\/i0.wp.com\/gnugraf.org\/2018\/wp-content\/uploads\/2018\/01\/logotipo2.png?resize=150%2C150 150w, https:\/\/i0.wp.com\/gnugraf.org\/2018\/wp-content\/uploads\/2018\/01\/logotipo2.png?resize=768%2C768 768w, https:\/\/i0.wp.com\/gnugraf.org\/2018\/wp-content\/uploads\/2018\/01\/logotipo2.png?resize=180%2C180 180w, https:\/\/i0.wp.com\/gnugraf.org\/2018\/wp-content\/uploads\/2018\/01\/logotipo2.png?resize=600%2C600 600w, https:\/\/i0.wp.com\/gnugraf.org\/2018\/wp-content\/uploads\/2018\/01\/logotipo2.png?w=790 790w\" sizes=\"auto, (max-width: 240px) 100vw, 240px\" \/><\/p>\n<p><a href=\"http:\/\/llab.mus.br\/\" target=\"_blank\" rel=\"noopener\"><strong>LLAB\u00a0(Laborat\u00f3rio Linux de \u00c1udio Brasil)<\/strong><\/a> &#8211; grupo de m\u00fasicos, t\u00e9cnicos e engenheiros de som dedicados a disseminar a cultura do <strong>Software Livre<\/strong> no mercado \u00e1udio mundial. Mostrando que \u00e9 poss\u00edvel fazer <strong>produ\u00e7\u00f5es de \u00e1udio profissional<\/strong> usando apenas <strong>Software Livre<\/strong> em todo o processo.<\/p>\n<p><img data-recalc-dims=\"1\" loading=\"lazy\" decoding=\"async\" data-attachment-id=\"115\" data-permalink=\"http:\/\/gnugraf.org\/2018\/o-evento\/vrlivrestudio4\/\" data-orig-file=\"https:\/\/i0.wp.com\/gnugraf.org\/2018\/wp-content\/uploads\/2018\/01\/vrlivrestudio4.png?fit=1600%2C1388\" data-orig-size=\"1600,1388\" data-comments-opened=\"1\" data-image-meta=\"{&quot;aperture&quot;:&quot;0&quot;,&quot;credit&quot;:&quot;&quot;,&quot;camera&quot;:&quot;&quot;,&quot;caption&quot;:&quot;&quot;,&quot;created_timestamp&quot;:&quot;0&quot;,&quot;copyright&quot;:&quot;&quot;,&quot;focal_length&quot;:&quot;0&quot;,&quot;iso&quot;:&quot;0&quot;,&quot;shutter_speed&quot;:&quot;0&quot;,&quot;title&quot;:&quot;&quot;,&quot;orientation&quot;:&quot;0&quot;}\" data-image-title=\"vrlivrestudio4\" data-image-description=\"\" data-image-caption=\"\" data-large-file=\"https:\/\/i0.wp.com\/gnugraf.org\/2018\/wp-content\/uploads\/2018\/01\/vrlivrestudio4.png?fit=590%2C512\" class=\"alignnone wp-image-115 size-medium\" src=\"https:\/\/i0.wp.com\/gnugraf.org\/2018\/wp-content\/uploads\/2018\/01\/vrlivrestudio4.png?resize=300%2C260\" alt=\"\" width=\"300\" height=\"260\" srcset=\"https:\/\/i0.wp.com\/gnugraf.org\/2018\/wp-content\/uploads\/2018\/01\/vrlivrestudio4.png?resize=300%2C260 300w, https:\/\/i0.wp.com\/gnugraf.org\/2018\/wp-content\/uploads\/2018\/01\/vrlivrestudio4.png?resize=768%2C666 768w, https:\/\/i0.wp.com\/gnugraf.org\/2018\/wp-content\/uploads\/2018\/01\/vrlivrestudio4.png?resize=1024%2C888 1024w, https:\/\/i0.wp.com\/gnugraf.org\/2018\/wp-content\/uploads\/2018\/01\/vrlivrestudio4.png?w=1600 1600w, https:\/\/i0.wp.com\/gnugraf.org\/2018\/wp-content\/uploads\/2018\/01\/vrlivrestudio4.png?w=1180 1180w\" sizes=\"auto, (max-width: 300px) 100vw, 300px\" \/><\/p>\n<p><a href=\"http:\/\/iaesmevr.org\/moodle\/mod\/resource\/view.php?id=1281\" target=\"_blank\" rel=\"noopener\"><strong>VRLivre Studio<\/strong><\/a> \u2013 Suite gr\u00e1fica destinada a educadores para cria\u00e7\u00e3o de projetos multim\u00eddia.<\/p>\n<p><img data-recalc-dims=\"1\" loading=\"lazy\" decoding=\"async\" data-attachment-id=\"116\" data-permalink=\"http:\/\/gnugraf.org\/2018\/o-evento\/315819_254408914610765_1979885491_n\/\" data-orig-file=\"https:\/\/i0.wp.com\/gnugraf.org\/2018\/wp-content\/uploads\/2018\/01\/315819_254408914610765_1979885491_n.jpg?fit=960%2C720\" data-orig-size=\"960,720\" data-comments-opened=\"1\" data-image-meta=\"{&quot;aperture&quot;:&quot;0&quot;,&quot;credit&quot;:&quot;&quot;,&quot;camera&quot;:&quot;&quot;,&quot;caption&quot;:&quot;&quot;,&quot;created_timestamp&quot;:&quot;0&quot;,&quot;copyright&quot;:&quot;&quot;,&quot;focal_length&quot;:&quot;0&quot;,&quot;iso&quot;:&quot;0&quot;,&quot;shutter_speed&quot;:&quot;0&quot;,&quot;title&quot;:&quot;&quot;,&quot;orientation&quot;:&quot;0&quot;}\" data-image-title=\"315819_254408914610765_1979885491_n\" data-image-description=\"\" data-image-caption=\"\" data-large-file=\"https:\/\/i0.wp.com\/gnugraf.org\/2018\/wp-content\/uploads\/2018\/01\/315819_254408914610765_1979885491_n.jpg?fit=590%2C443\" class=\"alignnone size-medium wp-image-116\" src=\"https:\/\/i0.wp.com\/gnugraf.org\/2018\/wp-content\/uploads\/2018\/01\/315819_254408914610765_1979885491_n.jpg?resize=300%2C225\" alt=\"\" width=\"300\" height=\"225\" srcset=\"https:\/\/i0.wp.com\/gnugraf.org\/2018\/wp-content\/uploads\/2018\/01\/315819_254408914610765_1979885491_n.jpg?resize=300%2C225 300w, https:\/\/i0.wp.com\/gnugraf.org\/2018\/wp-content\/uploads\/2018\/01\/315819_254408914610765_1979885491_n.jpg?resize=768%2C576 768w, https:\/\/i0.wp.com\/gnugraf.org\/2018\/wp-content\/uploads\/2018\/01\/315819_254408914610765_1979885491_n.jpg?w=960 960w\" sizes=\"auto, (max-width: 300px) 100vw, 300px\" \/><\/p>\n<p><a href=\"http:\/\/www.ramos3d.com.br\/\" target=\"_blank\" rel=\"noopener\"><strong>O Mundo de Ur<\/strong><\/a> \u2013 RPG online todo criado em software livre.<\/p>\n<p>&nbsp;<\/p>\n","protected":false},"excerpt":{"rendered":"<p>Para quem ainda n\u00e3o conhece o GNUGRAF, \u00e9 o primeiro evento de computa\u00e7\u00e3o gr\u00e1fica com software livre do Brasil. O evento \u00e9 totalmente direcionado para profissionais da \u00e1rea de \u00c1udio, Anima\u00e7\u00e3o, V\u00eddeo, Produ\u00e7\u00e3o Gr\u00e1fica e Design de Jogos. &nbsp; Uma das filosofias do GNUGRAF \u00e9 dar a oportunidade aos profissionais dessas \u00e1reas, demostrarem seus trabalhos, [&hellip;]<\/p>\n","protected":false},"author":1,"featured_media":44,"parent":0,"menu_order":0,"comment_status":"closed","ping_status":"closed","template":"","meta":{"inline_featured_image":false,"jetpack_post_was_ever_published":false,"footnotes":""},"class_list":["post-37","page","type-page","status-publish","has-post-thumbnail","hentry"],"jetpack_sharing_enabled":true,"jetpack_shortlink":"https:\/\/wp.me\/P9s9KV-B","jetpack_likes_enabled":true,"jetpack-related-posts":[],"_links":{"self":[{"href":"http:\/\/gnugraf.org\/2018\/wp-json\/wp\/v2\/pages\/37","targetHints":{"allow":["GET"]}}],"collection":[{"href":"http:\/\/gnugraf.org\/2018\/wp-json\/wp\/v2\/pages"}],"about":[{"href":"http:\/\/gnugraf.org\/2018\/wp-json\/wp\/v2\/types\/page"}],"author":[{"embeddable":true,"href":"http:\/\/gnugraf.org\/2018\/wp-json\/wp\/v2\/users\/1"}],"replies":[{"embeddable":true,"href":"http:\/\/gnugraf.org\/2018\/wp-json\/wp\/v2\/comments?post=37"}],"version-history":[{"count":5,"href":"http:\/\/gnugraf.org\/2018\/wp-json\/wp\/v2\/pages\/37\/revisions"}],"predecessor-version":[{"id":148,"href":"http:\/\/gnugraf.org\/2018\/wp-json\/wp\/v2\/pages\/37\/revisions\/148"}],"wp:featuredmedia":[{"embeddable":true,"href":"http:\/\/gnugraf.org\/2018\/wp-json\/wp\/v2\/media\/44"}],"wp:attachment":[{"href":"http:\/\/gnugraf.org\/2018\/wp-json\/wp\/v2\/media?parent=37"}],"curies":[{"name":"wp","href":"https:\/\/api.w.org\/{rel}","templated":true}]}}