{"id":98,"date":"2023-08-23T13:17:30","date_gmt":"2023-08-23T16:17:30","guid":{"rendered":"https:\/\/gnugraf.org\/2023\/?page_id=98"},"modified":"2023-08-23T13:17:32","modified_gmt":"2023-08-23T16:17:32","slug":"o-evento","status":"publish","type":"page","link":"https:\/\/gnugraf.org\/2023\/o-evento\/","title":{"rendered":"O evento"},"content":{"rendered":"\n<p>Para quem ainda n\u00e3o conhece o&nbsp;<strong>GNUGRAF<\/strong>, \u00e9 o&nbsp;<strong>primeiro evento de computa\u00e7\u00e3o gr\u00e1fica com software livre do Brasil<\/strong>. O evento \u00e9 totalmente direcionado para profissionais da \u00e1rea de&nbsp;<strong>\u00c1udio, Anima\u00e7\u00e3o, V\u00eddeo, Produ\u00e7\u00e3o Gr\u00e1fica e Design de Jogos<\/strong>.<\/p>\n\n\n\n<p>Uma das filosofias do&nbsp;<strong>GNUGRAF<\/strong>&nbsp;\u00e9 dar a oportunidade aos<strong>&nbsp;profissionais dessas \u00e1reas<\/strong>, demostrarem seus trabalhos, interagir com o p\u00fablico e trocar experi\u00eancias com outros profissionais.<\/p>\n\n\n\n<p>A estrutura do evento conta com&nbsp;<strong>16 palestras e 12 minicursos ministrados em 2 dias tudo de gra\u00e7a para o p\u00fablico<\/strong>.<\/p>\n\n\n\n<p><strong>Miss\u00e3o:<\/strong><\/p>\n\n\n\n<ul class=\"wp-block-list\">\n<li>Mostrar ao mercado que \u00e9&nbsp;<strong>poss\u00edvel produzir conte\u00fado multim\u00eddia de qualidade utilizando somente software livre em todo o processo<\/strong>.<\/li>\n\n\n\n<li>Fazer com que&nbsp;<strong>cada vez mais pessoas possam ter acesso a este tipo de conhecimento<\/strong>&nbsp;sem que com isto precisem investir quantidades exorbitantes em softwares ou ca\u00edrem na ilegalidade.<\/li>\n\n\n\n<li>Estreitar la\u00e7os entre&nbsp;<strong>profissionais da \u00e1rea, p\u00fablico e empresas<\/strong>&nbsp;para que o desenvolvimento desses softwares cres\u00e7a exponencialmente.<\/li>\n<\/ul>\n","protected":false},"excerpt":{"rendered":"<p>Para quem ainda n\u00e3o conhece o&nbsp;GNUGRAF, \u00e9 o&nbsp;primeiro evento de computa\u00e7\u00e3o gr\u00e1fica com software livre do Brasil. O evento \u00e9 totalmente direcionado para profissionais da \u00e1rea de&nbsp;\u00c1udio, Anima\u00e7\u00e3o, V\u00eddeo, Produ\u00e7\u00e3o Gr\u00e1fica e Design de&#46;&#46;&#46;<\/p>\n","protected":false},"author":1,"featured_media":107,"parent":0,"menu_order":0,"comment_status":"closed","ping_status":"closed","template":"","meta":{"inline_featured_image":false,"footnotes":""},"class_list":["post-98","page","type-page","status-publish","has-post-thumbnail","hentry"],"jetpack_sharing_enabled":true,"_links":{"self":[{"href":"https:\/\/gnugraf.org\/2023\/wp-json\/wp\/v2\/pages\/98","targetHints":{"allow":["GET"]}}],"collection":[{"href":"https:\/\/gnugraf.org\/2023\/wp-json\/wp\/v2\/pages"}],"about":[{"href":"https:\/\/gnugraf.org\/2023\/wp-json\/wp\/v2\/types\/page"}],"author":[{"embeddable":true,"href":"https:\/\/gnugraf.org\/2023\/wp-json\/wp\/v2\/users\/1"}],"replies":[{"embeddable":true,"href":"https:\/\/gnugraf.org\/2023\/wp-json\/wp\/v2\/comments?post=98"}],"version-history":[{"count":3,"href":"https:\/\/gnugraf.org\/2023\/wp-json\/wp\/v2\/pages\/98\/revisions"}],"predecessor-version":[{"id":106,"href":"https:\/\/gnugraf.org\/2023\/wp-json\/wp\/v2\/pages\/98\/revisions\/106"}],"wp:featuredmedia":[{"embeddable":true,"href":"https:\/\/gnugraf.org\/2023\/wp-json\/wp\/v2\/media\/107"}],"wp:attachment":[{"href":"https:\/\/gnugraf.org\/2023\/wp-json\/wp\/v2\/media?parent=98"}],"curies":[{"name":"wp","href":"https:\/\/api.w.org\/{rel}","templated":true}]}}